ive c(-119).
183
Let h(f) = -f**3 + 101*f**2 - 2523*f + 104. Give h(46).
426
Let s(v) = -5*v**3 - 543*v**2 - 613*v - 70. Calculate s(-1).
5
Let c(h) = 1393768*h - 9756411. Determine c(7).
-35
Let n(d) = 8*d**3 - 304*d**2 - 423*d + 16092. Determine n(38).
18
Let a(o) = -o**3 - 49*o**2 + 597*o + 22920. Give a(-52).
-12
Let l(s) = -3*s**2 + 885*s - 49869. What is l(76)?
63
Let c(r) = -724*r + 23270. Calculate c(32).
102
Let z(f) = f**2 - 1140*f - 248159. Give z(-187).
-10
Let c(l) = 62*l**3 + 13745*l**2 - 4215*l + 663. What is c(-222)?
-3
Let p(b) = 3*b**2 - 485*b + 3370. Give p(7).
122
Let i(n) = -156*n + 5778. What is i(38)?
-150
Let f(w) = -2*w**3 + 213*w**2 + 103*w + 468. Determine f(107).
40
Let r(g) = 2*g**3 - 96*g**2 - 87*g + 3698. Calculate r(48).
-478
Let d(r) = 2*r**2 + 347*r - 4300. Determine d(12).
152
Let k(m) = -853*m - 14681. Determine k(-17).
-180
Let g(w) = -3*w**3 + 43*w**2 + 52*w + 29. Determine g(-4).
701
Let f(q) = -q**3 + 9*q**2 - 2340*q + 31098. Give f(13).
2
Let y(i) = -17*i**2 + 95*i - 260. Give y(4).
-152
Let h(u) = 2*u**3 - 194*u**2 - 1022*u - 253. Calculate h(102).
-457
Let a(f) = -208*f**2 - 4966*f + 23189. Calculate a(4).
-3
Let t(j) = -8*j**2 + 2627*j + 13007. Calculate t(-5).
-328
Let u(h) = 21*h**2 + 18*h - 2435. Calculate u(-10).
-515
Let p(q) = -q**2 - 92*q - 1950. Determine p(-32).
-30
Let a(v) = 27786*v - 944674. Calculate a(34).
50
Let u(f) = 8052*f + 40532. Give u(-5).
272
Let u(j) = 8697*j - 8827451. Give u(1015).
4
Let q(o) = -4*o**2 + 458*o - 7706. What is q(94)?
2
Let z(f) = 143*f - 852. Calculate z(2).
-566
Let v(q) = -1955*q**2 + 37145*q - 21. Calculate v(19).
-21
Let k(d) = 103307*d - 7541408. Give k(73).
3
Let b(u) = 2*u**2 + 5017*u + 712003. What is b(-151)?
38
Let b(w) = -242*w - 3002. Calculate b(-12).
-98
Let n(b) = 3*b**2 + b - 220. Calculate n(18).
770
Let y(v) = -49*v**2 + 984*v + 985. Determine y(21).
40
Let x(l) = -2*l**2 - 610*l + 5666. Determine x(9).
14
Let t(i) = 4585*i + 51124. Calculate t(-11).
689
Let f(v) = -6*v**3 - 36*v**2 - 50*v - 44. Determine f(-4).
-36
Let p(b) = b**3 - 122*b**2 - 191*b - 7082. Give p(124).
-14
Let t(z) = 6428*z**3 + 141413*z**2 - 68*z - 57. Calculate t(-22).
-13
Let d(f) = -14159*f + 70824. Calculate d(5).
29
Let b(x) = x**2 + 53571*x - 535790. Give b(10).
20
Let q(s) = -5*s**2 + 292*s + 4081. Give q(70).
21
Let k(t) = -t**2 - 5513*t + 183015. What is k(33)?
-3
Let m(p) = -p**3 - 136*p**2 + 3468*p + 218. Determine m(22).
42
Let r(d) = -62*d + 3961. What is r(45)?
1171
Let o(b) = -2*b**3 + 42*b**2 + 476*b - 72. What is o(-8)?
-168
Let j(z) = 19*z**2 + 1968*z - 2838. Give j(-105).
-3
Let p(r) = -88084*r - 30477048. What is p(-346)?
16
Let a(l) = 109572*l - 328554. What is a(3)?
162
Let g(r) = -148*r + 828. Determine g(-10).
2308
Let h(c) = c**3 + 400*c**2 + 9374*c - 385. What is h(-375)?
-10
Let p(k) = -71*k**2 + 373*k + 7. Determine p(3).
487
Let g(v) = 4*v**2 + 7081*v - 7080. Calculate g(1).
5
Let a(n) = -11*n**2 - 6449*n + 110920. What is a(-603)?
-32
Let b(h) = 1364*h + 13995. Determine b(-11).
-1009
Let s(l) = -1842*l - 2582488. Calculate s(-1402).
-4
Let y(b) = -959*b**2 + 444*b + 446. Calculate y(-1).
-957
Let f(w) = -11343*w + 13407424. Give f(1182).
-2
Let f(k) = 14*k**3 + 644*k**2 - 16*k - 272. Calculate f(-46).
464
Let q(r) = 779*r**2 + 2359*r + 14. Determine q(-3).
-52
Let s(g) = g**3 + 32*g**2 + 244*g + 554. Give s(-23).
-297
Let q(l) = l**3 - 197*l**2 + 166*l + 5956. Determine q(196).
76
Let h(z) = -43*z**2 - 673*z + 235. Determine h(-16).
-5
Let m(o) = -202*o + 16906. Determine m(75).
1756
Let q(f) = -f**3 + 677*f**2 + 17454*f + 67399. What is q(702)?
7
Let w(o) = -29184*o + 700439. Determine w(24).
23
Let l(c) = -3*c**3 + 6*c**2 + 107*c - 1377. Determine l(11).
-3467
Let w(b) = -35585*b - 498201. Determine w(-14).
-11
Let i(a) = -a**3 - 3*a**2 - 36*a + 213. Give i(6).
-327
Let z(x) = -14*x**2 - 212*x + 3181. Calculate z(-24).
205
Let q(o) = 10*o**2 + 5*o - 76. Give q(-4).
64
Let w(r) = 20641*r - 185778. Give w(9).
-9
Let x(y) = 116*y - 4573. Calculate x(42).
299
Let w(h) = -h**2 - 6549*h - 71960. Give w(-11).
-42
Let j(u) = -2*u**3 - 145*u**2 - 1385*u + 1344. Give j(-61).
246
Let p(b) = -26*b**3 + 49*b**2 - 170*b + 109. Determine p(3).
-662
Let o(v) = -5*v**3 - 127*v**2 - 132*v - 2096. What is o(-25)?
-46
Let h(o) = -o**3 + 218*o**2 + 2039*o + 1261. Determine h(227).
353
Let k(q) = 3*q**3 - 39*q**2 - 144*q + 2046. What is k(13)?
174
Let j(p) = -p**3 + 22*p**2 - 3*p + 519. Give j(23).
-79
Let t(s) = -1904*s - 59210. Determine t(-31).
-186
Let i(v) = 59617*v - 238432. Calculate i(4).
36
Let w(r) = -r**3 - 117*r**2 - 1986*r + 625. Calculate w(-21).
-5
Let j(k) = -2*k**2 + 314*k - 9467. Calculate j(40).
-107
Let x(f) = 463*f + 139761. Determine x(-302).
-65
Let h(c) = 14*c**2 - 3426*c - 25716. Determine h(252).
-12
Let d(u) = -u**3 - 206*u**2 - 2500*u + 1741. What is d(-193)?
4
Let a(h) = 2*h**2 + 329*h + 640. Determine a(-2).
-10
Let q(b) = -198*b**2 - 405*b - 20. What is q(-5)?
-2945
Let g(o) = -2*o**2 + 97*o + 268. What is g(46)?
498
Let u(d) = 322*d - 3069. Give u(10).
151
Let v(u) = 4*u**2 + 1830*u - 9212. Determine v(5).
38
Let b(o) = 2871*o**3 - 216*o - 218. Calculate b(-1).
-2873
Let c(k) = -k**2 - 51409*k + 1183060. Give c(23).
124
Let v(x) = -11486*x + 57845. Give v(5).
415
Let m(k) = 2*k**2 - 124*k - 10990. Calculate m(111).
-112
Let k(y) = -y**3 - 646*y**2 + 10*y + 6440. What is k(-646)?
-20
Let r(a) = a**2 - 219*a + 8553. Calculate r(49).
223
Let h(z) = -z**3 - 216*z**2 - 425*z + 713. What is h(-214)?
71
Let a(k) = -37*k**2 - 1092*k + 1063. Calculate a(1).
-66
Let d(r) = r**2 + 258*r - 18612. Calculate d(-316).
-284
Let i(y) = -998*y - 4317. Calculate i(-3).
-1323
Let y(a) = -a**3 + 167*a**2 + 509*a - 114. Calculate y(170).
-284
Let k(t) = -t**3 + 76*t**2 - 16*t + 1044. Determine k(76).
-172
Let t(c) = 23*c**3 - 182*c**2 + 62*c - 645. Give t(8).
-21
Let w(v) = 3*v**2 + 27192*v - 81601. Calculate w(3).
2
Let n(s) = 10222*s + 20402. Determine n(-2).
-42
Let t(u) = 8839*u - 8855. Determine t(1).
-16
Let h(u) = 35483*u - 212908. Calculate h(6).
-10
Let x(g) = -g**2 + 299*g + 7015. Calculate x(-24).
-737
Let k(a) = -814*a - 33537. Determine k(-41).
-163
Let z(h) = -14*h**2 - 77*h - 116. What is z(-6)?
-158
Let a(x) = -970*x - 10465. What is a(-10)?
-765
Let o(d) = -9*d**2 + 1226*d - 12533. What is o(125)?
92
Let d(g) = 8*g**2 - 1389*g + 10541. Determine d(8).
-59
Let v(j) = -j**3 - 79*j**2 - 3020*j - 121891. Give v(-62).
1
Let k(f) = 32*f**2 + 300*f + 603. Calculate k(-2).
131
Let b(s) = -s**2 + 31*s + 503. What is b(43)?
-13
Let h(f) = -f**3 + f**2 - 13*f - 45. Give h(6).
-303
Let i(t) = -305036*t + 7930947. Give i(26).
11
Let r(u) = -6963*u + 2026217. Determine r(291).
-16
Let y(r) = 555*r + 44934. Calculate y(-81).
-21
Let a(v) = 2*v**3 + 103*v**2 + 1544*v + 9520. Calculate a(-32).
48
Let n(z) = -2*z**3 + 36*z**2 - 1575*z + 28319. What is n(18)?
-31
Let r(l) = 79895*l + 1198430. Give r(-15).
5
Let t(x) = x**3 - 166*x**2 - 625*x + 20003. Determine t(169).
61
Let u(h) = -18*h**2 + 984*h + 178. Give u(55).
-152
Let y(f) = -77*f**2 - 5434*f - 129. Calculate y(-71).
-2472
Let u(i) = -2*i**2 - 6110*i + 2. Give u(0).
2
Let z(h) = h**3 + 462*h**2 + 502*h + 18832. Calculate z(-461).
-69
Let t(u) = -u**2 + 46386*u + 1485347. Determine t(-32).
-29
Let m(c) = 4*c**2 - 1503*c + 5972. Give m(4).
24
Let y(q) = -26*q - 2946. Determine y(-80).
-866
Let x(j) = 2*j**3 + 43*j**2 - 35*j - 1799. Calculate x(-21).
-623
Let y(f) = -f**2 - 861*f - 97998. Determine y(-137).
1190
Let f(z) = -6178*z - 179020. What is f(-29)?
142
Let j(w) = 4*w**3 + 109*w**2 + 715*w + 2945. Calculate j(-20).
245
Let x(z) = -z**3 - 25*z**2 - 106*z + 508. Determine x(-18).
148
Let l(p) = 595*p - 54121. Give l(91).
24
Let a(z) = -4824*z + 96494. Determine a(20).
14
Let b(c) = -1504*c + 36985. Calculate b(25).
-615
Let s(p) = 21087*p - 168158. Calculate s(8).
538
Let b(m) = 227*m - 37549. Determine b(164).
-321
Let k(g) = 4*g**3 - 3056*g**2 - 26*g + 19856. What is k(764)?
-8
Let x(k) = -59*k**2 - 3763*k + 885. Determine x(-64).
53
Let k(c) = c**3 + 8*c**2 + 70*c + 257. What is k(-5)?
-18
Let j(p) = 3*p**2 + 134*p + 947. Determine j(-31).
-324
Let a(g) = -26*g**2 - 8846*g - 2014. Dete